ist the prime factors of 360.
2, 3, 5
What are the prime factors of 81745?
5, 16349
List the prime factors of 908.
2, 227
What are the prime factors of 1058?
2, 23
List the prime factors of 273.
3, 7, 13
What are the prime factors of 1148?
2, 7, 41
List the prime factors of 12895.
5, 2579
List the prime factors of 10166.
2, 13, 17, 23
List the prime factors of 8523.
3, 947
List the prime factors of 97019.
13, 17, 439
What are the prime factors of 10851?
3, 3617
List the prime factors of 3955.
5, 7, 113
List the prime factors of 101669.
19, 5351
What are the prime factors of 6746?
2, 3373
What are the prime factors of 4590?
2, 3, 5, 17
List the prime factors of 7721.
7, 1103
List the prime factors of 40927.
40927
List the prime factors of 95.
5, 19
What are the prime factors of 23670?
2, 3, 5, 263
What are the prime factors of 93?
3, 31
What are the prime factors of 1932?
2, 3, 7, 23
What are the prime factors of 34813?
31, 1123
List the prime factors of 697.
17, 41
List the prime factors of 993.
3, 331
What are the prime factors of 726?
2, 3, 11
What are the prime factors of 55224?
2, 3, 13, 59
What are the prime factors of 1303?
1303
What are the prime factors of 11714?
2, 5857
What are the prime factors of 4813?
4813
List the prime factors of 246.
2, 3, 41
List the prime factors of 8544.
2, 3, 89
List the prime factors of 3024.
2, 3, 7
List the prime factors of 41112.
2, 3, 571
What are the prime factors of 4075?
5, 163
List the prime factors of 20553.
3, 13, 17, 31
List the prime factors of 12752.
2, 797
List the prime factors of 3975.
3, 5, 53
What are the prime factors of 141205?
5, 31, 911
What are the prime factors of 15852?
2, 3, 1321
What are the prime factors of 1625?
5, 13
List the prime factors of 62732.
2, 15683
What are the prime factors of 3801?
3, 7, 181
What are the prime factors of 401?
401
List the prime factors of 1467.
3, 163
What are the prime factors of 2122?
2, 1061
What are the prime factors of 7153?
23, 311
What are the prime factors of 18772?
2, 13, 19
What are the prime factors of 27901?
27901
List the prime factors of 7058.
2, 3529
List the prime factors of 2597.
7, 53
List the prime factors of 48676.
2, 43, 283
What are the prime factors of 7401?
3, 2467
What are the prime factors of 649?
11, 59
What are the prime factors of 1596?
2, 3, 7, 19
What are the prime factors of 66915?
3, 5, 1487
List the prime factors of 1589.
7, 227
List the prime factors of 353.
353
What are the prime factors of 13979?
7, 1997
What are the prime factors of 13984?
2, 19, 23
What are the prime factors of 8702?
2, 19, 229
What are the prime factors of 5166?
2, 3, 7, 41
List the prime factors of 7533.
3, 31
List the prime factors of 369.
3, 41
What are the prime factors of 75621?
3, 7, 13, 277
List the prime factors of 998.
2, 499
What are the prime factors of 3039?
3, 1013
What are the prime factors of 2206?
2, 1103
What are the prime factors of 992?
2, 31
What are the prime factors of 1394?
2, 17, 41
What are the prime factors of 1424?
2, 89
List the prime factors of 143.
11, 13
List the prime factors of 7004.
2, 17, 103
What are the prime factors of 3235?
5, 647
List the prime factors of 1259.
1259
List the prime factors of 8454.
2, 3, 1409
List the prime factors of 62.
2, 31
List the prime factors of 5912.
2, 739
List the prime factors of 7557.
3, 11, 229
List the prime factors of 3493.
7, 499
What are the prime factors of 2713?
2713
List the prime factors of 3279.
3, 1093
List the prime factors of 2847.
3, 13, 73
What are the prime factors of 26141?
26141
List the prime factors of 22034.
2, 23, 479
List the prime factors of 9957.
3, 3319
List the prime factors of 3991.
13, 307
List the prime factors of 4221.
3, 7, 67
What are the prime factors of 1286?
2, 643
List the prime factors of 34.
2, 17
What are the prime factors of 1874?
2, 937
List the prime factors of 113953.
7, 73, 223
List the prime factors of 2340.
2, 3, 5, 13
What are the prime factors of 52432?
2, 29, 113
List the prime factors of 2060.
2, 5, 103
List the prime factors of 6833.
6833
List the prime factors of 1685.
5, 337
List the prime factors of 376.
2, 47
What are the prime factors of 6557?
79, 83
What are the prime factors of 2222?
2, 11, 101
What are the prime factors of 475?
5, 19
List the prime factors of 7255.
5, 1451
List the prime factors of 186859.
186859
What are the prime factors of 544?
2, 17
List the prime factors of 462.
2, 3, 7, 11
What are the prime factors of 29077?
29077
What are the prime factors of 62869?
62869
List the prime factors of 4639.
4639
What are the prime factors of 5851?
5851
What are the prime factors of 43607?
43607
List the prime factors of 2360.
2, 5, 59
What are the prime factors of 179?
179
List the prime factors of 1048.
2, 131
List the prime factors of 14778.
2, 3, 821
What are the prime factors of 33301?
33301
What are the prime factors of 37033?
29, 1277
List the prime factors of 154.
2, 7, 11
What are the prime factors of 299?
13, 23
List the prime factors of 50452.
2, 12613
What are the prime factors of 371?
7, 53
What are the prime factors of 2517?
3, 839
List the prime factors of 33239.
43, 773
What are the prime factors of 1742?
2, 13, 67
List the prime factors of 684.
2, 3, 19
List the prime factors of 2096.
2, 131
What are the prime factors of 40082?
2, 7, 409
List the prime factors of 250.
2, 5
What are the prime factors of 14901?
3, 4967
List the prime factors of 1423.
1423
What are the prime factors of 38261?
38261
What are the prime factors of 7000?
2, 5, 7
List the prime factors of 56.
2, 7
What are the prime factors of 22076?
2, 5519
List the prime factors of 63898.
2, 43, 743
List the prime factors of 10592.
2, 331
List the prime factors of 91925.
5, 3677
List the prime factors of 79526.
2, 17, 2339
List the prime factors of 375.
3, 5
List the prime factors of 58721.
13, 4517
What are the prime factors of 31992?
2, 3, 31, 43
List the prime factors of 107.
107
List the prime factors of 3160.
2, 5, 79
List the prime factors of 18589.
29, 641
List the prime factors of 106833.
3, 149, 239
What are the prime factors of 996?
2, 3, 83
What are the prime factors of 127451?
233, 547
What are the prime factors of 14037?
3, 4679
List the prime factors of 58119.
3, 19373
List the prime factors of 643.
643
What are the prime factors of 811?
811
What are the prime factors of 118216?
2, 7, 2111
What are the prime factors of 1577?
19, 83
List the prime factors of 4621.
4621
List the prime factors of 21846.
2, 3, 11, 331
List the prime factors of 63808.
2, 997
List the prime factors of 37190.
2, 5, 3719
List the prime factors of 1197.
3, 7, 19
What are the prime factors of 181?
181
What are the prime factors of 64264?
2, 29, 277
What are the prime factors of 2852?
2, 23, 31
What are the prime factors of 1042?
2, 521
List the prime factors of 8304.
2, 3, 173
What are the prime factors of 384?
2, 3
List the prime factors of 431.
431
What are the prime factors of 408?
2, 3, 17
List the prime factors of 175.
5, 7
List the prime factors of 700.
2, 5, 7
List the prime factors of 115.
5, 23
What are the prime factors of 5804?
2, 1451
List the prime factors of 3715.
5, 743
What are the prime factors of 5833?
19, 307
What are the prime factors of 2666?
2, 31, 43
What are the prime factors of 1698?
2, 3, 283
What are the prime factors of 1752?
2, 3, 73
What are the prime factors of 1878?
2, 3, 313
What are the prime factors of 13044?
2, 3, 1087
List the prime factors of 17814.
2, 3, 2969
List the prime factors of 835.
5, 167
What are the prime factors of 827?
827
What are the prime factors of 1412?
2, 353
What are the prime factors of 89928?
2, 3, 1249
List the prime factors of 27905.
5, 5581
List the prime factors of 1345.
5, 269
What are the prime factors of 33451?
11, 3041
List the prime factors of 12722.
2, 6361
List the prime factors of 671.
11, 61
What are the prime factors of 61887?
3, 7, 421
What are the prime factors of 11461?
73, 157
What are the prime factors of 26883?
3, 29, 103
What are the prime factors of 18507?
3, 31, 199
What are the prime factors of 8203?
13, 631
What are the prime factors of 1433?
1433
List the prime factors of 2755.
5, 19, 29
List the prime factors of 15664.
2, 11, 89
What are the prime factors of